 m and u.
13
Suppose s - 45 = -10. Suppose 7*r - s = 2*r. Calculate the highest common divisor of 49 and r.
7
Let y be 6/((-9)/3) - -1. Let o be y + (-14)/(-6)*3. Suppose -3*w = -3 - 3. What is the highest common divisor of o and w?
2
Let u(j) = -j**3 + j**2 + j. Let h be u(0). Let v be (h + -18)/(1/(-3)). Suppose 5*s + 72 = 7*s. Calculate the greatest common divisor of v and s.
18
Let y(r) = 64*r**3 - 2*r + 1. Let s be y(1). Let b = s - -27. What is the greatest common factor of 18 and b?
18
Let p be (-88)/(-176) + ((-750)/4)/(-3). Calculate the highest common divisor of 14 and p.
7
Let x(q) = q**3 - 10*q**2 + 9*q - 4. Let r be x(9). Let h be -44*((-21)/2 - r). Calculate the highest common factor of h and 26.
26
Let b be 24/8*(8 + -2). What is the highest common factor of b and 198?
18
Let d(h) = 3*h**2 - 7*h. Let o(u) = -u**2 - 5*u + 7. Let r be o(-5). Let y be d(r). Let a = -2 + 16. Calculate the greatest common divisor of a and y.
14
Suppose -23 = -k + 13. What is the greatest common factor of k and 24?
12
Let h be ((-22)/10 + 1)*-10. Let l = h - 7. Suppose 0 = -v - 3*g + 1, -23*g + 21*g = 2*v - 14. What is the greatest common factor of l and v?
5
Let q be (-2)/(4 + (-189)/48). Suppose -2 = -0*s + 2*s. Let u be 0 - (s + q*1). What is the greatest common divisor of u and 3?
3
Let f = 0 + 0. Suppose f*w - 50 = -5*w. Suppose -4*s - 2*r = -4, -7*s + 3*s + 3*r + 14 = 0. What is the greatest common factor of s and w?
2
Suppose 4*o = -2*u + 3*u - 14, u - o = 11. Calculate the greatest common divisor of u and 40.
10
Suppose 3*c = -13 + 37. What is the greatest common divisor of c and 8?
8
Suppose 2*h = -10, -3*t - h + 21 = 2*h. Let c be -2 + 1 + 2 + 5. Calculate the highest common factor of t and c.
6
Let i be (-9 - (-6 + 3))*-1. Suppose 15 = i*u - u. What is the greatest common factor of 3 and u?
3
Suppose -5*n + 10 = 0, 2*m - 370 = -2*n + 6*n. Calculate the greatest common factor of m and 21.
21
Let s be 20/4 - 0/2. Suppose -219 - 121 = -5*z + 5*f, -s*z = 5*f - 360. What is the highest common factor of 28 and z?
14
Suppose 365 = 5*a - 3*h, -a + 85 = -2*h - h. Suppose 2*f = -3*f + a. What is the greatest common factor of f and 2?
2
Let m be (8 - 4 - 0) + 26 + 0. What is the highest common factor of 10 and m?
10
Suppose 0 = 38*y - 36*y - 20. Let o(j) = -j**3 - 4*j**2 + 2*j. Let k be o(-5). What is the greatest common divisor of y and k?
5
Suppose -4*y + 141 = 13. What is the greatest common divisor of y and 80?
16
Let d = 71 + -27. Let o(c) = -c - 5. Let k(j) = -3*j - 11. Let y(z) = 4*k(z) - 7*o(z). Let v be y(-4). What is the highest common factor of d and v?
11
Let q(d) = d + 209. Let n be q(0). Calculate the highest common factor of n and 19.
19
Let w be (-1)/2 + (-17)/(-2). Let u = -7 - -9. Let y be (u/(-5))/(2/(-5)). What is the greatest common divisor of y and w?
1
Suppose -5*o + o = -24. Suppose -4*j - 3*s = -81, 78 = 5*j - 3*s - s. What is the highest common factor of j and o?
6
Let p(v) = v**3 + 5*v**2 - 6*v + 6. Let o be p(-5). Let j = 9 - 13. Let q(a) = a**2 + a. Let d be q(j). Calculate the highest common divisor of o and d.
12
Let u(i) = i + 6. Let m be u(0). Let w be ((-8)/m)/((-8)/(-36)). Let h be (-45)/w + 9/(-6). Calculate the highest common divisor of 12 and h.
6
Suppose 1 = a - 0*a. Suppose -2*z - a + 111 = 0. What is the highest common factor of 5 and z?
5
Let n = -14 - -26. Calculate the greatest common factor of 6 and n.
6
Suppose 38 = 3*k - s, 2*k + 3 = 5*s + 24. What is the highest common divisor of k and 104?
13
Suppose 0*z + 2*z = 20. Suppose 0 = -4*k + 337 - 17. Calculate the greatest common divisor of k and z.
10
Suppose -84 = -0*k - 3*k. Suppose p + 20 = 5*p. Suppose -k = -p*w + 62. Calculate the greatest common divisor of 54 and w.
18
Let u = -1 - -3. Suppose 0 = -u*s + 29 + 1. Let k = 0 + 10. Calculate the highest common divisor of s and k.
5
Let o = 221 - 89. What is the greatest common divisor of o and 12?
12
Let k(x) = x**2 - 8*x + 11. Let a = 8 - -1. Let m be k(a). Suppose -s - 2*h = 2, s + 3*h + 4 = -3. Calculate the highest common factor of s and m.
4
Suppose -615 = -5*s - 4*h + 236, -4*s + 3*h + 687 = 0. Calculate the greatest common factor of s and 19.
19
Let v = 233 + -23. What is the highest common factor of v and 35?
35
Let d(k) = -2*k + 26. Let z be d(6). What is the highest common divisor of 49 and z?
7
Let t be -3 - (-11)/(33/(-18)). Let v be (26 - 1) + 10 + t. Calculate the highest common factor of 13 and v.
13
Let k be (48/9)/((-2)/(-9)). Suppose -2 = w - 5. Let s be -6 + 8 + 30/w. Calculate the highest common divisor of s and k.
12
Let g be (3 + 2 + -4)*2. Let f(q) = -q**2 - 9*q + 8. Let b be f(-9). Let c be (2/b)/(4/48). What is the greatest common factor of g and c?
1
Suppose -4*m - 2*b = 3*b - 140, 0 = -3*m - b + 105. Let v = 23 + -18. What is the highest common divisor of v and m?
5
Let s(d) = 2*d**2 + 5*d. Let w be s(-5). Suppose w = 3*g - 2. Let h be (1 + 1 - 8)*-12. Calculate the highest common factor of g and h.
9
Let i(n) be the third derivative of n**6/120 + 11*n**5/60 - n**4/6 - 13*n**3/6 - 2*n**2. Let d be i(-11). Calculate the highest common factor of 217 and d.
31
Let z(u) = u**2 + 7*u + 2. Let t be z(-7). Suppose 0 = 5*d + 25, -h + 3*d = t*h - 183. What is the greatest common divisor of h and 7?
7
Suppose -5*s + p + 135 = 4*p, -2*s = -3*p - 33. Let c = s + -12. Calculate the greatest common factor of 6 and c.
6
Let r = 0 - -4. Suppose r*o - l = 45, -4*o + 11 = 2*l - 31. Let b = -6 + 39. Calculate the highest common factor of o and b.
11
Suppose 5*o - n = -2*n + 86, -4*o + 2*n = -66. Calculate the highest common factor of o and 323.
17
Let s be (4 - -3)*2/(-2). Let y = -3 - s. Suppose -4*r - 6*x + 3*x + 11 = 0, -y*r + x + 23 = 0. Calculate the greatest common factor of r and 35.
5
Let b be 2/(18/4 + -4). Calculate the highest common factor of 32 and b.
4
Let d = 10 + -3. Suppose 2*c = b + 3, 8 + d = 2*b + 3*c. Suppose -h - 2*h = -45. Calculate the greatest common factor of h and b.
3
Let m(u) = -70*u + 6 + 24*u - 81*u - 5. Let g be m(-1). Calculate the highest common divisor of 16 and g.
16
Let b = 14 + -10. Let d(g) = 9*g**2. Let t be d(b). Let y = -10 - -28. What is the greatest common divisor of t and y?
18
Suppose -3*m = -m - 16. Let y(z) = 17*z + 4. Let o be y(4). What is the highest common factor of o and m?
8
Suppose 0*k + 33 = k + 4*p, 0 = k + 3*p - 28. What is the greatest common divisor of k and 117?
13
Let o(v) = v**3 - v**2 - 3. Let t be o(0). Let m be ((-13)/t)/(1/9). Suppose -3*d - 6 = -m. Calculate the highest common factor of d and 11.
11
Let p(r) = -r**3 + 2*r. Suppose 0 = 5*u + 4 + 6. Let v be p(u). Let m(q) = -q**2 + 9*q - 2. Let y be m(6). What is the greatest common factor of y and v?
4
Suppose 0 = 7*k - 2*k + 100. Let l = k - -140. Suppose -l = -5*r - 3*m, 0 = 4*m - 9*m. Calculate the greatest common divisor of 16 and r.
8
Suppose -5*j = -c - 2, 2*c = -c - 3*j + 12. Suppose c*w - 133 = 4*k, -2*w = -k - 90 + 8. Calculate the highest common divisor of 26 and w.
13
Let x(p) = 5*p - 25. Let r be x(21). What is the greatest common factor of r and 30?
10
Let y be (-2 - -1)*33 + 0. Let o be 23/1 + 12/(-6). Let w = o - y. Calculate the highest common factor of w and 36.
18
Let d = 1 + 6. Suppose x - h - 22 + d = 0, 67 = 5*x - 3*h. What is the greatest common factor of 55 and x?
11
Suppose 48 = 11*i - 7. Calculate the highest common divisor of i and 2.
1
Let f = 8 - -31. What is the greatest common factor of f and 13?
13
Let h(v) = -v**3 - 5*v**2 + 5*v - 5. Let s be h(-6). Let y be s/(2 - (-49)/(-25)). Calculate the greatest common divisor of 5 and y.
5
Suppose 69 = 2*h - 3*y, -53 - 57 = -3*h - 2*y. Suppose 3*p = -0*p + h. What is the highest common divisor of p and 48?
12
Let o = 124 + -75. What is the highest common factor of 7 and o?
7
Let w(g) = -2*g + 0*g + 3*g - 2. Let p be w(8). Suppose p + 12 = 2*v. Calculate the greatest common factor of 36 and v.
9
Let s = 0 + 0. Let m be ((-2)/4 + 12/(-40))*-5. Suppose -4*v + 28 = m*f - s*f, 4*f - 3*v - 28 = 0. Calculate the greatest common factor of 21 and f.
7
Suppose -3*i = i - 100. What is the highest common divisor of i and 5?
5
Suppose -8*u + 4*u = -396. What is the highest common factor of 11 and u?
11
Suppose 45 = 4*